{"id":3508,"date":"2018-01-04T19:29:24","date_gmt":"2018-01-04T18:29:24","guid":{"rendered":"https:\/\/vecchiosito.lanza-perugini.edu.it\/lanza\/?p=3508"},"modified":"2022-07-19T09:04:12","modified_gmt":"2022-07-19T07:04:12","slug":"offerta-formativa","status":"publish","type":"page","link":"https:\/\/vecchiosito.lanza-perugini.edu.it\/lanza\/offerta-formativa\/","title":{"rendered":"Offerta Formativa"},"content":{"rendered":"<p style=\"text-align: justify\">Il Liceo Classico \u201cV. Lanza\u201d di Foggia \u00e8 una scuola dal cuore antico, la sua istituzione risale al 1868 e rappresenta lo sforzo della citt\u00e0 di Foggia di porsi al pari delle altre citt\u00e0 italiane dotandosi di una scuola di qualit\u00e0, una scuola che segnasse la differenza, per avviare alla formazione universitaria e alle professionalit\u00e0 alte e formare la nuova classe dirigente della citt\u00e0.<\/p>\n<p style=\"text-align: justify\"><em>&#8220;Il modello prestigioso del liceo classico \u00e8 un modello pedagogico che non teme confronti internazionali, tuttora insuperato, si confronta sistematicamente con la contemporaneit\u00e0 e contribuisce a costruire il futuro. Favorisce l\u2019acquisizione dei metodi propri degli studi classici e umanistici, all\u2019interno di un quadro culturale che, riservando <\/em><em>notevole attenzione alle scienze matematiche, fisiche e naturali, consente di cogliere le intersezioni tra i saperi e di elaborare una visione critica della realt\u00e0. Il liceo classico \u00e8 stato uno tra i pi\u00f9 estesi e impressionanti esperimenti di democrazia formativa e culturale tentati nell\u2019Italia e nell\u2019Europa moderne\u2026\u00a0Per questo sembra ancora a molti e a molti altri ci\u00f2 dispiace, l\u2019emblema di una scuola che vorremmo insieme pubblica e ottima&#8221;<\/em>. [F. Condello, <em>La scuola giusta, In difesa del Liceo Classico<\/em>, 2018]<\/p>\n<hr \/>\n<p>&nbsp;<\/p>\n<p style=\"text-align: justify\"><a href=\"https:\/\/vecchiosito.lanza-perugini.edu.it\/lanza\/wp-content\/uploads\/sites\/2\/2021\/12\/ORARIO-1.jpg\"><img loading=\"lazy\" decoding=\"async\" class=\"size-medium wp-image-6286 wpmf_image_lightbox alignleft\" src=\"https:\/\/vecchiosito.lanza-perugini.edu.it\/lanza\/wp-content\/uploads\/sites\/2\/2021\/12\/ORARIO-1-300x267.jpg\" alt=\"\" width=\"300\" height=\"267\" data-wpmf_image_lightbox=\"https:\/\/vecchiosito.lanza-perugini.edu.it\/lanza\/wp-content\/uploads\/sites\/2\/2021\/12\/ORARIO-1.jpg\" data-wpmf_size_lightbox=\"medium\" data-wpmflightbox=\"1\" srcset=\"https:\/\/vecchiosito.lanza-perugini.edu.it\/lanza\/wp-content\/uploads\/sites\/2\/2021\/12\/ORARIO-1-300x267.jpg 300w, https:\/\/vecchiosito.lanza-perugini.edu.it\/lanza\/wp-content\/uploads\/sites\/2\/2021\/12\/ORARIO-1-768x683.jpg 768w, https:\/\/vecchiosito.lanza-perugini.edu.it\/lanza\/wp-content\/uploads\/sites\/2\/2021\/12\/ORARIO-1.jpg 949w\" sizes=\"auto, (max-width: 300px) 100vw, 300px\" \/><\/a>L\u2019<strong>orario scolastico<\/strong> si articola in lezioni della durata di cinquanta minuti in presenza, quarantacinque minuti se svolte a distanza. In orario curricolare si inseriscono come parte integrante dell\u2019offerta formativa del nostro Istituto alcuni moduli settimanali dedicati programmaticamente ad attivit\u00e0 di recupero e sostegno nonch\u00e9 a lavori di approfondimento su temi scaturenti dagli ambiti disciplinari.<br \/>\nPur nell\u2019autonomia dell\u2019operato didattico dei docenti, queste lezioni (contrassegnate con l\u2019acronimo OF, Offerta Formativa) si connotano in modo particolare per il ricorso a pratiche didattiche innovative come il cooperative learning, la flipped classroom, il debate, il tutoring peer to peer.<\/p>\n<h3><img loading=\"lazy\" decoding=\"async\" class=\"wpmf_image_lightbox alignleft wp-image-6272 size-medium\" src=\"https:\/\/vecchiosito.lanza-perugini.edu.it\/lanza\/wp-content\/uploads\/sites\/2\/2021\/12\/889-300x90.png\" alt=\"\" width=\"300\" height=\"90\" data-wpmf_image_lightbox=\"https:\/\/vecchiosito.lanza-perugini.edu.it\/lanza\/wp-content\/uploads\/sites\/2\/2021\/12\/889.png\" data-wpmf_size_lightbox=\"none\" data-wpmflightbox=\"0\" srcset=\"https:\/\/vecchiosito.lanza-perugini.edu.it\/lanza\/wp-content\/uploads\/sites\/2\/2021\/12\/889-300x90.png 300w, https:\/\/vecchiosito.lanza-perugini.edu.it\/lanza\/wp-content\/uploads\/sites\/2\/2021\/12\/889.png 500w\" sizes=\"auto, (max-width: 300px) 100vw, 300px\" \/><\/h3>\n<p style=\"text-align: justify\">Il <strong><a href=\"https:\/\/sites.google.com\/lanzaperugini.edu.it\/digitaldays\/cambridge-international-school\" target=\"_blank\" rel=\"noopener\">Liceo Lanza con opzione Cambridge International<\/a><\/strong> prepara gli studenti alla vita, aiutandoli a sviluppare una curiosit\u00e0 che si nutre dell\u2019informazione e una passione duratura per l&#8217;apprendimento. Siamo Liceo accreditato Cambridge International dal 2017, unico in provincia di Foggia. Il nostro Liceo Classico Cambridge offre agli studenti un percorso chiaro per il successo educativo. Abbiamo cominciato a modellare il curriculum Cambridge in base a come vogliamo che i nostri studenti apprendano, con un&#8217;ampia gamma di materie. Con il Liceo Cambridge aiutiamo gli studenti a scoprire nuove abilit\u00e0 e un mondo pi\u00f9 ampio e forniamo loro le competenze di cui hanno bisogno per la vita, in modo che possano inserirsi nel mondo universitario e del lavoro.<\/p>\n<hr \/>\n<p><a href=\"https:\/\/sites.google.com\/lanzaperugini.edu.it\/digitaldays\/cambridge-international-school\/option-1-english-asl-igcse-mathematics-igcse\" target=\"_blank\" rel=\"noopener\"><img loading=\"lazy\" decoding=\"async\" class=\"aligncenter wp-image-6297 size-large\" src=\"https:\/\/vecchiosito.lanza-perugini.edu.it\/lanza\/wp-content\/uploads\/sites\/2\/2022\/01\/2-e1641293280145-1024x263.png\" alt=\"\" width=\"1024\" height=\"263\" data-wpmflightbox=\"0\" data-wpmf_image_lightbox=\"https:\/\/vecchiosito.lanza-perugini.edu.it\/lanza\/wp-content\/uploads\/sites\/2\/2022\/01\/2-e1641293280145.png\" srcset=\"https:\/\/vecchiosito.lanza-perugini.edu.it\/lanza\/wp-content\/uploads\/sites\/2\/2022\/01\/2-e1641293280145-1024x263.png 1024w, https:\/\/vecchiosito.lanza-perugini.edu.it\/lanza\/wp-content\/uploads\/sites\/2\/2022\/01\/2-e1641293280145-300x77.png 300w, https:\/\/vecchiosito.lanza-perugini.edu.it\/lanza\/wp-content\/uploads\/sites\/2\/2022\/01\/2-e1641293280145-768x197.png 768w, https:\/\/vecchiosito.lanza-perugini.edu.it\/lanza\/wp-content\/uploads\/sites\/2\/2022\/01\/2-e1641293280145-1536x394.png 1536w, https:\/\/vecchiosito.lanza-perugini.edu.it\/lanza\/wp-content\/uploads\/sites\/2\/2022\/01\/2-e1641293280145-2048x525.png 2048w, https:\/\/vecchiosito.lanza-perugini.edu.it\/lanza\/wp-content\/uploads\/sites\/2\/2022\/01\/2-e1641293280145.png 1600w\" sizes=\"auto, (max-width: 1024px) 100vw, 1024px\" \/><\/a><\/p>\n<p style=\"text-align: justify\">Le <strong>discipline IGCSE<\/strong> sono:<\/p>\n<ul>\n<li style=\"text-align: justify\"><strong>English as a Second Language<\/strong> con due ore settimanali svolte dal docente madrelingua;<\/li>\n<li style=\"text-align: justify\"><strong>Mathematics<\/strong> con l\u2019incremento di un\u2019ora settimanale rispetto al piano di studi tradizionale, svolta dal docente madrelingua in compresenza con il collega italiano di matematica.<\/li>\n<\/ul>\n<hr \/>\n<p><a href=\"https:\/\/sites.google.com\/lanzaperugini.edu.it\/digitaldays\/cambridge-international-school\/option-2-english-asl-igcse-global-perspectives\" target=\"_blank\" rel=\"noopener\"><img loading=\"lazy\" decoding=\"async\" class=\"aligncenter wp-image-6298 size-large\" src=\"https:\/\/vecchiosito.lanza-perugini.edu.it\/lanza\/wp-content\/uploads\/sites\/2\/2022\/01\/3-e1641293498226-1024x259.png\" alt=\"\" width=\"1024\" height=\"259\" data-wpmflightbox=\"0\" data-wpmf_image_lightbox=\"https:\/\/vecchiosito.lanza-perugini.edu.it\/lanza\/wp-content\/uploads\/sites\/2\/2022\/01\/3-e1641293498226.png\" srcset=\"https:\/\/vecchiosito.lanza-perugini.edu.it\/lanza\/wp-content\/uploads\/sites\/2\/2022\/01\/3-e1641293498226-1024x259.png 1024w, https:\/\/vecchiosito.lanza-perugini.edu.it\/lanza\/wp-content\/uploads\/sites\/2\/2022\/01\/3-e1641293498226-300x76.png 300w, https:\/\/vecchiosito.lanza-perugini.edu.it\/lanza\/wp-content\/uploads\/sites\/2\/2022\/01\/3-e1641293498226-768x194.png 768w, https:\/\/vecchiosito.lanza-perugini.edu.it\/lanza\/wp-content\/uploads\/sites\/2\/2022\/01\/3-e1641293498226-1536x388.png 1536w, https:\/\/vecchiosito.lanza-perugini.edu.it\/lanza\/wp-content\/uploads\/sites\/2\/2022\/01\/3-e1641293498226-2048x517.png 2048w, https:\/\/vecchiosito.lanza-perugini.edu.it\/lanza\/wp-content\/uploads\/sites\/2\/2022\/01\/3-e1641293498226.png 1600w\" sizes=\"auto, (max-width: 1024px) 100vw, 1024px\" \/><\/a><\/p>\n<p style=\"text-align: JUSTIFY\"><strong>Cambridge Global Perspectives IGCSE<\/strong> \u00e8 un corso innovativo e stimolante, che si estende oltre i tradizionali confini delle materie e sviluppa competenze trasferibili. \u00c8 sia cross-curriculare, che basato sulle competenze e attinge al modo in cui gli studenti di oggi si divertono ad apprendere, incluso il lavoro di squadra, le presentazioni, i progetti e il lavoro con altri studenti in tutto il mondo. Uno degli step finali di <strong><em>Global Perspectives <\/em><\/strong>\u00e8 la partecipazione al <em><strong>Change the <\/strong><\/em><em><strong>World Model United Nations &#8211; World Program<\/strong><\/em>, che offre ai partecipanti di assumere il ruolo di ambasciatori presso le Nazioni Unite.<\/p>\n<p><a href=\"https:\/\/vecchiosito.lanza-perugini.edu.it\/lanza\/wp-content\/uploads\/sites\/2\/2021\/12\/ORARIO-igcse.jpg\"><img loading=\"lazy\" decoding=\"async\" class=\"wpmf_image_lightbox aligncenter wp-image-6285 size-large\" src=\"https:\/\/vecchiosito.lanza-perugini.edu.it\/lanza\/wp-content\/uploads\/sites\/2\/2021\/12\/ORARIO-igcse-1024x497.jpg\" alt=\"\" width=\"1024\" height=\"497\" data-wpmf_image_lightbox=\"https:\/\/vecchiosito.lanza-perugini.edu.it\/lanza\/wp-content\/uploads\/sites\/2\/2021\/12\/ORARIO-igcse-300x146.jpg\" data-wpmf_size_lightbox=\"medium\" data-wpmflightbox=\"1\" srcset=\"https:\/\/vecchiosito.lanza-perugini.edu.it\/lanza\/wp-content\/uploads\/sites\/2\/2021\/12\/ORARIO-igcse-1024x497.jpg 1024w, https:\/\/vecchiosito.lanza-perugini.edu.it\/lanza\/wp-content\/uploads\/sites\/2\/2021\/12\/ORARIO-igcse-300x146.jpg 300w, https:\/\/vecchiosito.lanza-perugini.edu.it\/lanza\/wp-content\/uploads\/sites\/2\/2021\/12\/ORARIO-igcse-768x373.jpg 768w, https:\/\/vecchiosito.lanza-perugini.edu.it\/lanza\/wp-content\/uploads\/sites\/2\/2021\/12\/ORARIO-igcse-1536x746.jpg 1536w, https:\/\/vecchiosito.lanza-perugini.edu.it\/lanza\/wp-content\/uploads\/sites\/2\/2021\/12\/ORARIO-igcse-2048x994.jpg 2048w, https:\/\/vecchiosito.lanza-perugini.edu.it\/lanza\/wp-content\/uploads\/sites\/2\/2021\/12\/ORARIO-igcse.jpg 1600w\" sizes=\"auto, (max-width: 1024px) 100vw, 1024px\" \/><\/a><\/p>\n<hr \/>\n<p>Lanza in pillole &#8230;<\/p>\n<ul>\n<li><strong>Incontri Extravaganti<\/strong>: <em>Incontri con scrittori contemporanei<\/em><\/li>\n<li><strong>Lettura e Oltre<\/strong><\/li>\n<li><strong>Certamina Latino e Greco<\/strong><\/li>\n<li><strong>Concorsi Letterari: <\/strong><em>Otto volte finalisti e semifinalisti al Campiello Giovani<\/em><\/li>\n<li><strong>Laboratorio Teatrale: <\/strong><em>Compagnia \u201cGli In\u2026certi\u201d<\/em><\/li>\n<li><strong>Giornalismo<\/strong> <strong>e Comunicazione:<em>\u00a0<\/em><\/strong><em>Redazione &#8220;Lanzapolis&#8221;<\/em><\/li>\n<li><strong>Convegni Nazionali ed Internazionali di vario interesse culturale<\/strong><\/li>\n<li><strong>PCTO (ex Alternanza Scuola\/Lavoro) <\/strong><em>presso enti accreditati<\/em><\/li>\n<li><strong>Percorsi di Cittadinanza: <\/strong><em>Educazione e Legalit\u00e0<\/em><\/li>\n<li><strong>Protagonismo Giovanile e Volontariato:<\/strong> <em>Telethon, Emergency, Amnesty e tanto altro!!!<\/em><\/li>\n<li><strong>Lanzinfesta<\/strong><\/li>\n<li><strong>Gioia Mathesis &#8211;<\/strong><strong> Olimpiadi di Matematica &#8211; <\/strong><strong>Maths Challenge<\/strong><\/li>\n<li><strong>Progetto D.i.o.r. Advanced: <\/strong><em>Percorsi di didattica orientativa in ambito scientifico<\/em><\/li>\n<li><strong>Olimpiadi di Italiano &#8211; <\/strong><strong>Settimana Filosofica &#8211; Certame Internazionale Bruniano<\/strong><\/li>\n<li><strong>Associazione Ex Alunni del Lanza: <\/strong><em>Premio \u2018Sergio Giordano\u2019, incontri culturali e conviviali<\/em><\/li>\n<li><strong>Spazi, laboratori, sussidi didattici: <\/strong><em>Laboratori di carattere multimediale, scientifico e linguistico<\/em><\/li>\n<li><strong>Aula Magna \u201cL. Scillitani\u201d: <\/strong><em>Spazio aperto alla scuola e alla citt\u00e0 per incontri ed eventi<\/em><\/li>\n<li><strong>Biblioteca d\u2019Istituto: <\/strong><em>Partner della rete delle biblioteche provinciali con servizio di catalogazione e archiviazione SBN a cura della Biblioteca Provinciale \u201c la Magna Capitana\u201d di Foggia, con un patrimonio librario di circa 12.000 volumi<\/em><\/li>\n<\/ul>\n","protected":false},"excerpt":{"rendered":"<p>Il Liceo Classico \u201cV. Lanza\u201d di Foggia \u00e8 una scuola dal cuore antico, la sua istituzione risale al 1868 e rappresenta lo sforzo della citt\u00e0 di Foggia di porsi al pari delle altre citt\u00e0 italiane dotandosi di una scuola di qualit\u00e0, una scuola che segnasse la differenza, per avviare alla formazione universitaria e alle professionalit\u00e0&hellip; <a class=\"continue\" href=\"https:\/\/vecchiosito.lanza-perugini.edu.it\/lanza\/offerta-formativa\/\">Continue a leggere<span> Offerta Formativa<\/span><\/a><\/p>\n","protected":false},"author":20,"featured_media":0,"parent":0,"menu_order":0,"comment_status":"closed","ping_status":"closed","template":"","meta":{"footnotes":""},"class_list":["post-3508","page","type-page","status-publish","hentry"],"yoast_head":"<!-- This site is optimized with the Yoast SEO plugin v27.4 - https:\/\/yoast.com\/product\/yoast-seo-wordpress\/ -->\n<title>Offerta Formativa - Liceo Classico Lanza<\/title>\n<meta name=\"robots\" content=\"index, follow, max-snippet:-1, max-image-preview:large, max-video-preview:-1\" \/>\n<link rel=\"canonical\" href=\"https:\/\/vecchiosito.lanza-perugini.edu.it\/lanza\/offerta-formativa\/\" \/>\n<meta property=\"og:locale\" content=\"it_IT\" \/>\n<meta property=\"og:type\" content=\"article\" \/>\n<meta property=\"og:title\" content=\"Offerta Formativa - Liceo Classico Lanza\" \/>\n<meta property=\"og:description\" content=\"Il Liceo Classico \u201cV. Lanza\u201d di Foggia \u00e8 una scuola dal cuore antico, la sua istituzione risale al 1868 e rappresenta lo sforzo della citt\u00e0 di Foggia di porsi al pari delle altre citt\u00e0 italiane dotandosi di una scuola di qualit\u00e0, una scuola che segnasse la differenza, per avviare alla formazione universitaria e alle professionalit\u00e0&hellip; Continue a leggere Offerta Formativa\" \/>\n<meta property=\"og:url\" content=\"https:\/\/vecchiosito.lanza-perugini.edu.it\/lanza\/offerta-formativa\/\" \/>\n<meta property=\"og:site_name\" content=\"Liceo Classico Lanza\" \/>\n<meta property=\"article:modified_time\" content=\"2022-07-19T07:04:12+00:00\" \/>\n<meta property=\"og:image\" content=\"https:\/\/vecchiosito.lanza-perugini.edu.it\/lanza\/wp-content\/uploads\/sites\/2\/2021\/12\/ORARIO-1-300x267.jpg\" \/>\n<meta name=\"twitter:card\" content=\"summary_large_image\" \/>\n<meta name=\"twitter:label1\" content=\"Tempo di lettura stimato\" \/>\n\t<meta name=\"twitter:data1\" content=\"5 minuti\" \/>\n<script type=\"application\/ld+json\" class=\"yoast-schema-graph\">{\"@context\":\"https:\\\/\\\/schema.org\",\"@graph\":[{\"@type\":\"WebPage\",\"@id\":\"https:\\\/\\\/vecchiosito.lanza-perugini.edu.it\\\/lanza\\\/offerta-formativa\\\/\",\"url\":\"https:\\\/\\\/vecchiosito.lanza-perugini.edu.it\\\/lanza\\\/offerta-formativa\\\/\",\"name\":\"Offerta Formativa - Liceo Classico Lanza\",\"isPartOf\":{\"@id\":\"https:\\\/\\\/vecchiosito.lanza-perugini.edu.it\\\/lanza\\\/#website\"},\"primaryImageOfPage\":{\"@id\":\"https:\\\/\\\/vecchiosito.lanza-perugini.edu.it\\\/lanza\\\/offerta-formativa\\\/#primaryimage\"},\"image\":{\"@id\":\"https:\\\/\\\/vecchiosito.lanza-perugini.edu.it\\\/lanza\\\/offerta-formativa\\\/#primaryimage\"},\"thumbnailUrl\":\"https:\\\/\\\/vecchiosito.lanza-perugini.edu.it\\\/lanza\\\/wp-content\\\/uploads\\\/sites\\\/2\\\/2021\\\/12\\\/ORARIO-1-300x267.jpg\",\"datePublished\":\"2018-01-04T18:29:24+00:00\",\"dateModified\":\"2022-07-19T07:04:12+00:00\",\"breadcrumb\":{\"@id\":\"https:\\\/\\\/vecchiosito.lanza-perugini.edu.it\\\/lanza\\\/offerta-formativa\\\/#breadcrumb\"},\"inLanguage\":\"it-IT\",\"potentialAction\":[{\"@type\":\"ReadAction\",\"target\":[\"https:\\\/\\\/vecchiosito.lanza-perugini.edu.it\\\/lanza\\\/offerta-formativa\\\/\"]}]},{\"@type\":\"ImageObject\",\"inLanguage\":\"it-IT\",\"@id\":\"https:\\\/\\\/vecchiosito.lanza-perugini.edu.it\\\/lanza\\\/offerta-formativa\\\/#primaryimage\",\"url\":\"https:\\\/\\\/vecchiosito.lanza-perugini.edu.it\\\/lanza\\\/wp-content\\\/uploads\\\/sites\\\/2\\\/2021\\\/12\\\/ORARIO-1.jpg\",\"contentUrl\":\"https:\\\/\\\/vecchiosito.lanza-perugini.edu.it\\\/lanza\\\/wp-content\\\/uploads\\\/sites\\\/2\\\/2021\\\/12\\\/ORARIO-1.jpg\",\"width\":949,\"height\":844},{\"@type\":\"BreadcrumbList\",\"@id\":\"https:\\\/\\\/vecchiosito.lanza-perugini.edu.it\\\/lanza\\\/offerta-formativa\\\/#breadcrumb\",\"itemListElement\":[{\"@type\":\"ListItem\",\"position\":1,\"name\":\"Home\",\"item\":\"https:\\\/\\\/vecchiosito.lanza-perugini.edu.it\\\/lanza\\\/\"},{\"@type\":\"ListItem\",\"position\":2,\"name\":\"Offerta Formativa\"}]},{\"@type\":\"WebSite\",\"@id\":\"https:\\\/\\\/vecchiosito.lanza-perugini.edu.it\\\/lanza\\\/#website\",\"url\":\"https:\\\/\\\/vecchiosito.lanza-perugini.edu.it\\\/lanza\\\/\",\"name\":\"Liceo Classico Lanza\",\"description\":\"Istituto &quot;Lanza-Perugini&quot;\",\"potentialAction\":[{\"@type\":\"SearchAction\",\"target\":{\"@type\":\"EntryPoint\",\"urlTemplate\":\"https:\\\/\\\/vecchiosito.lanza-perugini.edu.it\\\/lanza\\\/?s={search_term_string}\"},\"query-input\":{\"@type\":\"PropertyValueSpecification\",\"valueRequired\":true,\"valueName\":\"search_term_string\"}}],\"inLanguage\":\"it-IT\"}]}<\/script>\n<!-- \/ Yoast SEO plugin. -->","yoast_head_json":{"title":"Offerta Formativa - Liceo Classico Lanza","robots":{"index":"index","follow":"follow","max-snippet":"max-snippet:-1","max-image-preview":"max-image-preview:large","max-video-preview":"max-video-preview:-1"},"canonical":"https:\/\/vecchiosito.lanza-perugini.edu.it\/lanza\/offerta-formativa\/","og_locale":"it_IT","og_type":"article","og_title":"Offerta Formativa - Liceo Classico Lanza","og_description":"Il Liceo Classico \u201cV. Lanza\u201d di Foggia \u00e8 una scuola dal cuore antico, la sua istituzione risale al 1868 e rappresenta lo sforzo della citt\u00e0 di Foggia di porsi al pari delle altre citt\u00e0 italiane dotandosi di una scuola di qualit\u00e0, una scuola che segnasse la differenza, per avviare alla formazione universitaria e alle professionalit\u00e0&hellip; Continue a leggere Offerta Formativa","og_url":"https:\/\/vecchiosito.lanza-perugini.edu.it\/lanza\/offerta-formativa\/","og_site_name":"Liceo Classico Lanza","article_modified_time":"2022-07-19T07:04:12+00:00","og_image":[{"url":"https:\/\/vecchiosito.lanza-perugini.edu.it\/lanza\/wp-content\/uploads\/sites\/2\/2021\/12\/ORARIO-1-300x267.jpg","type":"","width":"","height":""}],"twitter_card":"summary_large_image","twitter_misc":{"Tempo di lettura stimato":"5 minuti"},"schema":{"@context":"https:\/\/schema.org","@graph":[{"@type":"WebPage","@id":"https:\/\/vecchiosito.lanza-perugini.edu.it\/lanza\/offerta-formativa\/","url":"https:\/\/vecchiosito.lanza-perugini.edu.it\/lanza\/offerta-formativa\/","name":"Offerta Formativa - Liceo Classico Lanza","isPartOf":{"@id":"https:\/\/vecchiosito.lanza-perugini.edu.it\/lanza\/#website"},"primaryImageOfPage":{"@id":"https:\/\/vecchiosito.lanza-perugini.edu.it\/lanza\/offerta-formativa\/#primaryimage"},"image":{"@id":"https:\/\/vecchiosito.lanza-perugini.edu.it\/lanza\/offerta-formativa\/#primaryimage"},"thumbnailUrl":"https:\/\/vecchiosito.lanza-perugini.edu.it\/lanza\/wp-content\/uploads\/sites\/2\/2021\/12\/ORARIO-1-300x267.jpg","datePublished":"2018-01-04T18:29:24+00:00","dateModified":"2022-07-19T07:04:12+00:00","breadcrumb":{"@id":"https:\/\/vecchiosito.lanza-perugini.edu.it\/lanza\/offerta-formativa\/#breadcrumb"},"inLanguage":"it-IT","potentialAction":[{"@type":"ReadAction","target":["https:\/\/vecchiosito.lanza-perugini.edu.it\/lanza\/offerta-formativa\/"]}]},{"@type":"ImageObject","inLanguage":"it-IT","@id":"https:\/\/vecchiosito.lanza-perugini.edu.it\/lanza\/offerta-formativa\/#primaryimage","url":"https:\/\/vecchiosito.lanza-perugini.edu.it\/lanza\/wp-content\/uploads\/sites\/2\/2021\/12\/ORARIO-1.jpg","contentUrl":"https:\/\/vecchiosito.lanza-perugini.edu.it\/lanza\/wp-content\/uploads\/sites\/2\/2021\/12\/ORARIO-1.jpg","width":949,"height":844},{"@type":"BreadcrumbList","@id":"https:\/\/vecchiosito.lanza-perugini.edu.it\/lanza\/offerta-formativa\/#breadcrumb","itemListElement":[{"@type":"ListItem","position":1,"name":"Home","item":"https:\/\/vecchiosito.lanza-perugini.edu.it\/lanza\/"},{"@type":"ListItem","position":2,"name":"Offerta Formativa"}]},{"@type":"WebSite","@id":"https:\/\/vecchiosito.lanza-perugini.edu.it\/lanza\/#website","url":"https:\/\/vecchiosito.lanza-perugini.edu.it\/lanza\/","name":"Liceo Classico Lanza","description":"Istituto &quot;Lanza-Perugini&quot;","potentialAction":[{"@type":"SearchAction","target":{"@type":"EntryPoint","urlTemplate":"https:\/\/vecchiosito.lanza-perugini.edu.it\/lanza\/?s={search_term_string}"},"query-input":{"@type":"PropertyValueSpecification","valueRequired":true,"valueName":"search_term_string"}}],"inLanguage":"it-IT"}]}},"publishpress_future_action":{"enabled":false,"date":"2026-05-01 01:15:03","action":"change-status","newStatus":"draft","terms":[],"taxonomy":"","extraData":[]},"publishpress_future_workflow_manual_trigger":{"enabledWorkflows":[]},"_links":{"self":[{"href":"https:\/\/vecchiosito.lanza-perugini.edu.it\/lanza\/wp-json\/wp\/v2\/pages\/3508","targetHints":{"allow":["GET"]}}],"collection":[{"href":"https:\/\/vecchiosito.lanza-perugini.edu.it\/lanza\/wp-json\/wp\/v2\/pages"}],"about":[{"href":"https:\/\/vecchiosito.lanza-perugini.edu.it\/lanza\/wp-json\/wp\/v2\/types\/page"}],"author":[{"embeddable":true,"href":"https:\/\/vecchiosito.lanza-perugini.edu.it\/lanza\/wp-json\/wp\/v2\/users\/20"}],"replies":[{"embeddable":true,"href":"https:\/\/vecchiosito.lanza-perugini.edu.it\/lanza\/wp-json\/wp\/v2\/comments?post=3508"}],"version-history":[{"count":26,"href":"https:\/\/vecchiosito.lanza-perugini.edu.it\/lanza\/wp-json\/wp\/v2\/pages\/3508\/revisions"}],"predecessor-version":[{"id":6828,"href":"https:\/\/vecchiosito.lanza-perugini.edu.it\/lanza\/wp-json\/wp\/v2\/pages\/3508\/revisions\/6828"}],"wp:attachment":[{"href":"https:\/\/vecchiosito.lanza-perugini.edu.it\/lanza\/wp-json\/wp\/v2\/media?parent=3508"}],"curies":[{"name":"wp","href":"https:\/\/api.w.org\/{rel}","templated":true}]}}